{"id":4594,"date":"2021-05-14T01:42:11","date_gmt":"2021-05-13T22:42:11","guid":{"rendered":"https:\/\/webshop.aitoavioliitto.fi\/?post_type=product&#038;p=4594"},"modified":"2021-05-14T01:54:26","modified_gmt":"2021-05-13T22:54:26","slug":"liity-nyt-jaseneksi-kortti","status":"publish","type":"product","link":"https:\/\/webshop.aitoavioliitto.fi\/?product=liity-nyt-jaseneksi-kortti","title":{"rendered":"Liity nyt j\u00e4seneksi -kortti"},"content":{"rendered":"","protected":false},"excerpt":{"rendered":"<p>A6-kokoinen hieman paksummalle paperille painettu &#8221;flyer&#8221; eli postikorttikokoinen mainoskortti, joka on helppo pit\u00e4\u00e4 mukana ja jaella.<br \/>\nN\u00e4m\u00e4 kortit ovat noin 140 (?) kappaleen nippuina varastossa.<br \/>\nValitse toivomasi kappalem\u00e4\u00e4r\u00e4.<\/p>\n","protected":false},"featured_media":4595,"comment_status":"closed","ping_status":"closed","template":"","meta":[],"product_brand":[],"product_cat":[178],"product_tag":[200,201],"class_list":{"0":"post-4594","1":"product","2":"type-product","3":"status-publish","4":"has-post-thumbnail","6":"product_cat-julkaisut","7":"product_tag-flyer","8":"product_tag-tule_jaseneksi_kortti","9":"product_shipping_class-ei_toimituskuluja","11":"first","12":"instock","13":"purchasable","14":"product-type-simple"},"_links":{"self":[{"href":"https:\/\/webshop.aitoavioliitto.fi\/index.php?rest_route=\/wp\/v2\/product\/4594","targetHints":{"allow":["GET"]}}],"collection":[{"href":"https:\/\/webshop.aitoavioliitto.fi\/index.php?rest_route=\/wp\/v2\/product"}],"about":[{"href":"https:\/\/webshop.aitoavioliitto.fi\/index.php?rest_route=\/wp\/v2\/types\/product"}],"replies":[{"embeddable":true,"href":"https:\/\/webshop.aitoavioliitto.fi\/index.php?rest_route=%2Fwp%2Fv2%2Fcomments&post=4594"}],"wp:featuredmedia":[{"embeddable":true,"href":"https:\/\/webshop.aitoavioliitto.fi\/index.php?rest_route=\/wp\/v2\/media\/4595"}],"wp:attachment":[{"href":"https:\/\/webshop.aitoavioliitto.fi\/index.php?rest_route=%2Fwp%2Fv2%2Fmedia&parent=4594"}],"wp:term":[{"taxonomy":"product_brand","embeddable":true,"href":"https:\/\/webshop.aitoavioliitto.fi\/index.php?rest_route=%2Fwp%2Fv2%2Fproduct_brand&post=4594"},{"taxonomy":"product_cat","embeddable":true,"href":"https:\/\/webshop.aitoavioliitto.fi\/index.php?rest_route=%2Fwp%2Fv2%2Fproduct_cat&post=4594"},{"taxonomy":"product_tag","embeddable":true,"href":"https:\/\/webshop.aitoavioliitto.fi\/index.php?rest_route=%2Fwp%2Fv2%2Fproduct_tag&post=4594"}],"curies":[{"name":"wp","href":"https:\/\/api.w.org\/{rel}","templated":true}]}}