{"id":4209,"date":"2020-05-29T17:47:07","date_gmt":"2020-05-29T14:47:07","guid":{"rendered":"https:\/\/webshop.aitoavioliitto.fi\/?post_type=product&#038;p=4209"},"modified":"2025-12-22T00:32:40","modified_gmt":"2025-12-21T22:32:40","slug":"jasenmaksu-yritys-tai-muu-yhteiso","status":"publish","type":"product","link":"https:\/\/webshop.aitoavioliitto.fi\/?product=jasenmaksu-yritys-tai-muu-yhteiso","title":{"rendered":"J\u00e4senmaksu, yritys tai muu yhteis\u00f6"},"content":{"rendered":"<p>Maksun voi suorittaa my\u00f6s verkkokaupan ulkopuolella joko verkkomaksuna tai tilisiirtona.<\/p>\n<p>Verkkolaskutusosoite on <strong>003727868803<\/strong> ja operaattoritunnus <strong>003723327487<\/strong> (Apix Messaging).<\/p>\n<blockquote><p><span lang=\"en-US\">Huomioittehan, ett\u00e4 mik\u00e4li k\u00e4yt\u00f6ss\u00e4nne on jokin seuraavista operaattoreista verkkolaskun l\u00e4hett\u00e4miseen:\u00a0<\/span><span lang=\"en-US\"><b>Danske Bank Oyj, Handelsbanken, Paikallisosuuspankit tai S\u00e4\u00e4st\u00f6pankit<\/b><\/span><span lang=\"en-US\">, tulee teid\u00e4n k\u00e4ytt\u00e4\u00e4\u00a0 verkkolaskuosoitteenamme seuraavaa osoitetta: verkkolaskuosoite: 003723327487 ja operaattoritunnus: DABAFIHH.<\/span><\/p><\/blockquote>\n<p>Pankkiyhteystiedot ja viitenumero <strong>vain j\u00e4senmaksuille<\/strong>:<\/p>\n<blockquote><p>Aito avioliitto ry<\/p>\n<p>Tilinumero:\u00a0 <strong>FI88 4108 0013 0603 33<\/strong><\/p>\n<p>Viite:\u00a0<strong> RF43 1428 3033<\/strong><\/p><\/blockquote>\n","protected":false},"excerpt":{"rendered":"<p><strong>Yhteis\u00f6j\u00e4senyys<\/strong><\/p>\n<p>Yritys tai muu yhteis\u00f6, kuten yhdistys tai s\u00e4\u00e4ti\u00f6, on l\u00e4mpim\u00e4sti tervetullut liittym\u00e4\u00e4n yhdistyksemme yhteis\u00f6j\u00e4seneksi. Yhteis\u00f6j\u00e4senyys ei aseta muuta velvoitetta j\u00e4senelle, kuin halun tukea yhdistyksemme tarkoitusta ja toimintaa eli se on yksi kannatusj\u00e4senyyden luokka yhdistyksemme s\u00e4\u00e4nt\u00f6jen mukaisesti. Tarkemmin eri j\u00e4senyystyypeist\u00e4 voi lukea <a href=\"https:\/\/aitoavioliitto.fi\/wp-content\/uploads\/PRH_Aito_avioliitto_ry_saannot_2019_05_25.pdf\" target=\"_blank\" rel=\"noopener noreferrer\">yhdistyksemme s\u00e4\u00e4nn\u00f6ist\u00e4<\/a>.<br \/>\nYhteis\u00f6j\u00e4senyyden suositusvuosimaksu yrityksen tai yhteis\u00f6n palkatun henkil\u00f6m\u00e4\u00e4r\u00e4n mukaan luokiteltuna on:<\/p>\n<blockquote><p><strong>Henkil\u00f6m\u00e4\u00e4r\u00e4&#8230;.. Suositusvuosimaksu<\/strong><br \/>\nYksin yritt\u00e4j\u00e4&#8230;&#8230;&#8230;. 50\u20ac<br \/>\nalle 5h. &#8230;&#8230;&#8230;&#8230;&#8230; 100\u20ac<br \/>\n5h.+ &#8230;&#8230;&#8230;&#8230;&#8230;&#8230;. 200\u20ac<br \/>\n50h.+ &#8230;&#8230;&#8230;&#8230;&#8230;.. 1000\u20ac<br \/>\n100h.+ &#8230;&#8230;&#8230;&#8230;&#8230; 2000\u20ac<\/p><\/blockquote>\n<p>Yhteis\u00f6 on kuitenkin vapaa maksamaan oman harkintansa mukaisen summan vuosimaksuna j\u00e4senyydest\u00e4 ilman rajoitusta.<\/p>\n<p><strong>Verkkolaskutus:<\/strong> Voimme verkkolaskuttaa ohjeesi mukaisesti. Valtuutus yksityiskohtineen pyydet\u00e4\u00e4n l\u00e4hett\u00e4m\u00e4\u00e4n s\u00e4hk\u00f6postilla osoitteeseen laskutus(\u00e4t)aitoavioliitto.fi (korvaathan \u00e4t-merkinn\u00e4n oikealla @-symbolilla). T\u00e4\u00e4ll\u00e4 verkkokaupassamme voi maksaa v\u00e4litt\u00f6m\u00e4sti verkkopankissa tai luottokorteilla, mutta suosittelemme verkkolaskutuksen k\u00e4ytt\u00f6\u00e4 isojen j\u00e4senmaksujen tapauksessa.<\/p>\n<p>Sivun alareunassa on verkkolaskutus- ja tilitietomme j\u00e4senmaksuille.<\/p>\n<p>J\u00e4senyys kirjautuu maksun vahvistumisen j\u00e4lkeen automaattisesti j\u00e4senrekisteriimme ja liitt\u00e4\u00e4 uuden j\u00e4senen s\u00e4hk\u00f6postituslistalle.<\/p>\n<p>S\u00e4ilyt\u00e4mme tietojasi luottamuksellisesti ja hyvin suojattuina. Tarkemmin asiasta kerrotaan <a href=\"https:\/\/webshop.aitoavioliitto.fi\/?page_id=3429\">tietosuojaselosteessa<\/a>.<\/p>\n","protected":false},"featured_media":4257,"comment_status":"closed","ping_status":"closed","template":"","meta":[],"product_brand":[],"product_cat":[179],"product_tag":[185,199],"class_list":{"0":"post-4209","1":"product","2":"type-product","3":"status-publish","4":"has-post-thumbnail","6":"product_cat-erilaiset_maksut","7":"product_tag-maksut","8":"product_tag-yhteisojasenyys","9":"product_shipping_class-ei_toimituskuluja","11":"first","12":"instock","13":"purchasable","14":"product-type-variable","15":"has-default-attributes"},"_links":{"self":[{"href":"https:\/\/webshop.aitoavioliitto.fi\/index.php?rest_route=\/wp\/v2\/product\/4209","targetHints":{"allow":["GET"]}}],"collection":[{"href":"https:\/\/webshop.aitoavioliitto.fi\/index.php?rest_route=\/wp\/v2\/product"}],"about":[{"href":"https:\/\/webshop.aitoavioliitto.fi\/index.php?rest_route=\/wp\/v2\/types\/product"}],"replies":[{"embeddable":true,"href":"https:\/\/webshop.aitoavioliitto.fi\/index.php?rest_route=%2Fwp%2Fv2%2Fcomments&post=4209"}],"wp:featuredmedia":[{"embeddable":true,"href":"https:\/\/webshop.aitoavioliitto.fi\/index.php?rest_route=\/wp\/v2\/media\/4257"}],"wp:attachment":[{"href":"https:\/\/webshop.aitoavioliitto.fi\/index.php?rest_route=%2Fwp%2Fv2%2Fmedia&parent=4209"}],"wp:term":[{"taxonomy":"product_brand","embeddable":true,"href":"https:\/\/webshop.aitoavioliitto.fi\/index.php?rest_route=%2Fwp%2Fv2%2Fproduct_brand&post=4209"},{"taxonomy":"product_cat","embeddable":true,"href":"https:\/\/webshop.aitoavioliitto.fi\/index.php?rest_route=%2Fwp%2Fv2%2Fproduct_cat&post=4209"},{"taxonomy":"product_tag","embeddable":true,"href":"https:\/\/webshop.aitoavioliitto.fi\/index.php?rest_route=%2Fwp%2Fv2%2Fproduct_tag&post=4209"}],"curies":[{"name":"wp","href":"https:\/\/api.w.org\/{rel}","templated":true}]}}