{"id":3657,"date":"2019-06-18T15:45:57","date_gmt":"2019-06-18T12:45:57","guid":{"rendered":"https:\/\/webshop.aitoavioliitto.fi\/?post_type=product&#038;p=3657"},"modified":"2025-06-22T23:33:29","modified_gmt":"2025-06-22T20:33:29","slug":"perhelippu-salkoon","status":"publish","type":"product","link":"https:\/\/webshop.aitoavioliitto.fi\/?product=perhelippu-salkoon","title":{"rendered":"[3] Nyt oma perhelippu salkoon!"},"content":{"rendered":"","protected":false},"excerpt":{"rendered":"<h4>Uusi er\u00e4 salkolippuja saapunut varastoomme!<\/h4>\n<p>Punainen perheen kuva on painettu valkoiselle kankaalle.\u00a0 Teetimme liput ilman teksti\u00e4, jolloin ne ovat yleisk\u00e4ytt\u00f6isempi\u00e4 ja pelk\u00e4st\u00e4\u00e4n punaisella painatuksella. Lipuissa on kiinnikkerei\u00e4t lipputangon narulle.<\/p>\n<p>Varastokoot:<\/p>\n<p>5..7 m lipputangolle\u00a0 180 cm x 120 cm\u00a0\u00a0\u00a0 <strong>39\u20ac<\/strong><\/p>\n<p>8..10m lipputangolle\u00a0 240 cm x 150 cm\u00a0\u00a0\u00a0 <strong>49\u20ac<\/strong> \u00a0 (yleisin koko)<\/p>\n<p>12m lipputangolle 300 cm x 200 cm\u00a0\u00a0\u00a0 <strong>99\u20ac\u00a0\u00a0 <\/strong><\/p>\n<p>Laitetaan liput liehumaan oikealla salkolipulla perheidenp\u00e4iv\u00e4n\u00e4, lastenp\u00e4iv\u00e4n\u00e4 tai milloin tuntuu tarpeelliselta!<\/p>\n<p>7 m korkeaan lipputankoon tarkoitettu 180 cm x 120 cm lippu on usein sopivan kokoinen my\u00f6s &#8221;parvekeliputukseen&#8221; sellaisenaan ilman lipputankoa. (Huomaa my\u00f6s banderollimme: Parvekek\u00e4ytt\u00f6\u00e4 ajatellen banderolli on helppo kiinnitt\u00e4\u00e4 vahvasti, sill\u00e4 siin\u00e4 on kiinnitysrenkaat, joista se sidotaan kiinni.) 12 m salkoon tarkoitettu 300 cm x 200 cm lippu n\u00e4kyy jo hieman kauemmaksikin hyvin.<\/p>\n<p>Yksi kappale isointa lippua on aina n\u00e4ht\u00e4viss\u00e4 12 m lipputangossa Hiekkaharjun aseman vieress\u00e4. Oheinen tuotevalokuva on my\u00f6s otettu sielt\u00e4.<\/p>\n","protected":false},"featured_media":5568,"comment_status":"closed","ping_status":"closed","template":"","meta":[],"product_brand":[],"product_cat":[175],"product_tag":[],"class_list":{"0":"post-3657","1":"product","2":"type-product","3":"status-publish","4":"has-post-thumbnail","6":"product_cat-mainostuotteet","7":"product_shipping_class-posti_s_paketti","9":"first","10":"instock","11":"purchasable","12":"product-type-variable","13":"has-default-attributes"},"_links":{"self":[{"href":"https:\/\/webshop.aitoavioliitto.fi\/index.php?rest_route=\/wp\/v2\/product\/3657","targetHints":{"allow":["GET"]}}],"collection":[{"href":"https:\/\/webshop.aitoavioliitto.fi\/index.php?rest_route=\/wp\/v2\/product"}],"about":[{"href":"https:\/\/webshop.aitoavioliitto.fi\/index.php?rest_route=\/wp\/v2\/types\/product"}],"replies":[{"embeddable":true,"href":"https:\/\/webshop.aitoavioliitto.fi\/index.php?rest_route=%2Fwp%2Fv2%2Fcomments&post=3657"}],"wp:featuredmedia":[{"embeddable":true,"href":"https:\/\/webshop.aitoavioliitto.fi\/index.php?rest_route=\/wp\/v2\/media\/5568"}],"wp:attachment":[{"href":"https:\/\/webshop.aitoavioliitto.fi\/index.php?rest_route=%2Fwp%2Fv2%2Fmedia&parent=3657"}],"wp:term":[{"taxonomy":"product_brand","embeddable":true,"href":"https:\/\/webshop.aitoavioliitto.fi\/index.php?rest_route=%2Fwp%2Fv2%2Fproduct_brand&post=3657"},{"taxonomy":"product_cat","embeddable":true,"href":"https:\/\/webshop.aitoavioliitto.fi\/index.php?rest_route=%2Fwp%2Fv2%2Fproduct_cat&post=3657"},{"taxonomy":"product_tag","embeddable":true,"href":"https:\/\/webshop.aitoavioliitto.fi\/index.php?rest_route=%2Fwp%2Fv2%2Fproduct_tag&post=3657"}],"curies":[{"name":"wp","href":"https:\/\/api.w.org\/{rel}","templated":true}]}}